- 12*f - 1. Calculate g(v).
-1
Let u(d) = -2*d**3 + d**2 + 2*d. Suppose -23192 = -21*o - 5*o. Suppose -o + 904 = 6*h. What is u(h)?
-8
Let t(r) = -r**2 - 8*r + 2. Suppose 0 = y - 3, 4*i - 3*y - 2 = -3. Suppose -2*j = 3*h + 1, 4*h + j = -0*j + i. Let b be (h + 3 + 3)*-1. Calculate t(b).
9
Let r(t) = 69*t + 14. Let q(u) = 82*u + 15. Let w(z) = 5*q(z) - 6*r(z). Determine w(-5).
11
Let o(m) = m. Let x(y) = y - 3. Let c(f) = -3*o(f) + x(f). Let h(n) = -6*n**3 - 179*n**2 + 31*n + 32. Let l be h(-30). What is c(l)?
-7
Let t = -12821 + 12836. Let y(s) = -5*s + 45. Give y(t).
-30
Let h = 123 + -103. Suppose 0*f = -5*f - h. Let s(c) be the second derivative of -c**4/6 - c**3/6 + c**2/2 - 4*c. What is s(f)?
-27
Let w(y) = -3*y + 4 + y + 0*y. Let o = -188203 - -188196. Give w(o).
18
Let h(s) be the first derivative of -s**3/3 - 4*s - 17. Suppose 23*l = 19*l - 32. Let v be (l/(-12))/2*-9. What is h(v)?
-13
Let n(w) = 19*w - 242. Let j be 240/15 + -11 + 7. Determine n(j).
-14
Let x be (-62167)/11235 + 16/30. Let w(t) be the third derivative of t**4/8 + t**3/6 - 2*t**2. Determine w(x).
-14
Let i(x) be the third derivative of -x**6/180 + 3*x**5/40 + x**4/8 - 5*x**3/2 + 3*x**2 + 7. Let m(u) be the second derivative of i(u). What is m(7)?
-19
Let f(t) = 14*t + 24. Suppose 0 = 5*j + x + 23, -57 + 55 = -2*j - 2*x. Give f(j).
-60
Suppose p - 7 = l, -5*p - 4 = 2*l - 32. Let j(i) = -4. Let t(m) = 1. Let n(v) = j(v) + 6*t(v). Let s(q) = 2*q + 3. Let y(k) = 5*n(k) - s(k). Calculate y(p).
-5
Let c(h) be the first derivative of -h**4/4 - 11*h**3/3 - 15*h**2 + h - 4150. Calculate c(-5).
1
Let p(r) = -r**3 - 12*r**2 - 37*r - 16. Suppose -3*i - 1 = 5*d, d - 73 + 69 = 0. Determine p(i).
-2
Let d(i) be the first derivative of -i**7/840 - i**6/90 - i**5/60 + i**4/24 - 5*i**3/3 + 28. Let q(j) be the third derivative of d(j). Give q(-4).
9
Let k(t) = -93*t**2 - 5*t**3 + 2*t + 52*t**2 + 47*t**2 + 8 + 4*t**3. Let o(a) = -13*a - 4. Let n be o(-4). Let h = -42 + n. What is k(h)?
20
Let t(n) = n**2 + n - 5. Let u(l) = -l**3 + 4*l**2 + 6*l + 1. Let a(w) = -t(w) + u(w). Give a(5).
-19
Let i(r) be the first derivative of -4*r**2 + 30*r + 7879. What is i(3)?
6
Let w(z) be the first derivative of -z**7/840 - z**6/120 + z**5/60 + z**4/8 - 70*z**3/3 + 42. Let h(k) be the third derivative of w(k). Give h(-2).
-5
Let f = 1205 + -1205. Let l(c) = -1 + c**2 - 1 - c**3 - c + 0*c**2. Calculate l(f).
-2
Let f(w) = -345 - 5*w - 3*w - 370 + 1227 - 424. What is f(9)?
16
Let v(r) = -r**2 + 17*r - 61. Let g(l) = 8*l**2 + 111*l + 204. Let b be g(-2). Give v(b).
-19
Let n(x) = -x - 1. Suppose 0 = -2*h - 5*r - 457 - 103, 2*h - 4*r + 596 = 0. Let k = 292 + h. What is n(k)?
-3
Let s(g) = 2*g - 38. Let r be s(25). Suppose 3*m = 2*f - r, -5*f + 13 + 7 = -5*m. Let b(h) = -h - 8. Determine b(f).
-8
Let f(c) = -12*c + 401. Let q = -3876 + 3910. What is f(q)?
-7
Let i = -143 + 135. Let b(a) = -a**2 - a + 55. Let p be b(i). Let g(l) = -10*l**3 - l - 1. Determine g(p).
10
Let s(v) = -9*v - 5*v + 7 + 22*v. Let j(p) = 37*p + 7. Let l(q) = 9*q + 2. Let o(u) = 6*j(u) - 26*l(u). Let h(k) = -5*o(k) - 7*s(k). What is h(3)?
13
Let r(d) = d**2 + 8*d - 11. Suppose 513 = 4*q - 61*q. Give r(q).
-2
Let q(d) be the second derivative of d**5/20 - 5*d**4/12 + 2*d**3/3 - 3*d**2 - 28*d. Let p be -3*(-4)/(-60) + 84/20. Determine q(p).
-6
Let h(s) be the second derivative of -s**4/12 - 3*s**3/2 - 4*s**2 + 27*s. Suppose -8 = 8*p - 7*p. Let y be h(p). Let j(n) = -n**3 + 18. Give j(y).
18
Let l(y) be the first derivative of y**5/120 + 5*y**4/24 + y**3 - 7*y - 253. Let q(z) be the third derivative of l(z). Give q(7).
12
Let q(p) = -p**2 + 12*p - 32. Let h be 8 + 168/(-35) + (-9)/(-5). What is q(h)?
3
Let a(y) = -54*y**3 + 97*y**2 + 17*y - 32. Let q(j) = -19*j**3 + 34*j**2 + 6*j - 11. Let b(x) = 6*a(x) - 17*q(x). Determine b(3).
4
Suppose 12*f - 15*f + 3 = 0. Let q(h) = 4*h. Let z be q(f). Let c(n) = -1 + z - n**2 + 4*n - 3*n - 3*n. What is c(-4)?
-5
Suppose 21 - 21 = 88*y. Let m(z) = 2*z**2 + 3*z + 33. What is m(y)?
33
Let f(l) = l**3 - 12*l**2 - 12*l - 9. Suppose -107 = -12*r - 55 + 104. Determine f(r).
4
Let k(j) = -j**2 - 6*j - 15. Suppose -8*w + 205 = 245. What is k(w)?
-10
Let l(f) = f**2 - 9*f + 5. Let h = -12183 - -12189. Determine l(h).
-13
Let z(x) be the second derivative of x**4/12 + 2*x**3/3 + 3*x**2/2 - 5*x. Let u(l) = 6*l - 178. Let f = 6 - -23. Let m be u(f). Calculate z(m).
3
Let c(y) = y + 14. Let r be (-104)/36 - (-2)/(-18). Let n(h) = 6*h + 6. Let u(w) = -5*w - 5. Let s(z) = r*u(z) - 2*n(z). Let x be s(-3). Calculate c(x).
8
Let g(h) = h**2 + 8*h + 15. Let b be g(-4). Let n(d) = d**2 - 14*d - 10. Let p(q) = 1. Let l(f) = b*n(f) - 2*p(f). Determine l(12).
32
Suppose 609 = -13*j + 152*j + 3806. Let a(b) = -2*b**2 - 49*b - 29. Determine a(j).
40
Let c(q) be the first derivative of 5*q**2/2 + 47*q - 1922. What is c(-12)?
-13
Let q be ((-6)/(-3))/((-6)/21)*-2. Suppose 0 = q*s - 4*s - 100. Let y(j) = s - 3*j - 2*j + 4*j. Determine y(0).
10
Let w(y) be the first derivative of -3*y**2/2 + 41*y - 2557. Calculate w(0).
41
Let h(b) = -6*b + 1. Let v(y) = -25*y + 15. Let d(x) = -4*h(x) + v(x). Give d(8).
3
Let q(i) = i**2 + i + 1. Let x be q(1). Let l(j) = 9*j - 6 - 3*j - x*j - j. Calculate l(6).
6
Let z be 1/(-2)*(0 + 2). Let p(v) = 6773 + 6960 - 13732 - 3*v. Determine p(z).
4
Let t(c) = c**3 + 2*c**2 - 2*c - 8. Let s(p) = -3*p**3 - 5*p**2 + 4*p + 25. Let b(m) = -2*s(m) - 7*t(m). What is b(-5)?
1
Let c(k) = -2*k**2 + 15*k + 11. Let f = 1941 + -1934. What is c(f)?
18
Let i(m) = -302 + 14*m + 129 + 192. Give i(7).
117
Let f(u) = 6 - 5 + 15094334*u - 15094329*u. Let s be (0 - -2) + (1 - 4). Give f(s).
-4
Let g(v) = -2*v**2 + v + 1. Let m(d) = 2*d**2 + 38*d - 45. Let o be m(-22). Let f = 88 - o. Let k be 1 + (-3 - (-4)/f)*1. What is g(k)?
-5
Let k(t) = t**2 + 4*t + 2. Let b be k(-4). Let r(y) = b*y + 4 - y - 4. Let c = -511 + 509. Give r(c).
-2
Let y(u) be the second derivative of -u**5/20 - u**4/6 + 11*u**3/6 + 7*u**2 + 1914*u - 2. Give y(-3).
-10
Let k = 166 + -196. Let t be k/(-5) - 5 - -5. Let y(l) be the first derivative of -l**2/2 + 7*l - 2. Calculate y(t).
1
Let t(b) = 3*b**2 + 6*b - 2. Let s = 19338 + -19334. Calculate t(s).
70
Let i(x) = x**2 + 37*x + 12. Let m be i(-37). Let d(y) = 11 + y - 12 + m. Determine d(-9).
2
Let o(n) = -2710 - 2722 + 5412 - 2*n + 4*n. What is o(15)?
10
Let g be 1*4/(-6)*-6. Let u(r) = -1 + g*r - r - 4*r. Let o(y) = y**3 + 78*y**2 + 76*y - 78. Let w be o(-77). Calculate u(w).
0
Suppose -z = 3*z - 8. Let i(d) = 0*d**2 - z*d**2 + 4*d**2 + 6 + 8*d. Suppose -35 = -h + 4*s, 911*h = 909*h + s. Calculate i(h).
16
Let r = 9 + -1. Let i(m) be the third derivative of -m**6/120 + 7*m**5/60 + 5*m**4/24 + m**3 - 1328*m**2. What is i(r)?
-18
Let l(y) = 33*y**2 - 36*y - 61. Let d(f) = 43*f**2 - 47*f - 81. Let z(p) = -10*d(p) + 13*l(p). Determine z(8).
-31
Let r(h) = 83*h - 68. Let p(a) = 45*a - 34. Let s(f) = 11*p(f) - 6*r(f). Calculate s(13).
-5
Let d(v) = v**2 - 5*v - 9. Suppose -f + 0*f = 340. Let c = 347 + f. Determine d(c).
5
Let z(a) = -75*a + 160. Let f be z(2). Let m(p) = 4*p - 28. Give m(f).
12
Let w(y) = 7*y**2 + 5*y + 6. Let h be ((-2)/(-7) + 13/(-21))*-9. Let v(l) = -5*l**2 - 6*l - 7. Let q(j) = h*v(j) + 2*w(j). Determine q(-6).
3
Let m(s) = -s - 8. Suppose 0 = 3*x - 7*x + 1104. Let f = 268 - x. Give m(f).
0
Let t(v) = -v**3 - 12*v**2 - 13*v - 2. Let f be t(-11). Suppose 4*a = -k - f - 180, -k - 100 = 2*a. Let u = a - -44. Let g(s) = s**2 + 7*s + 6. Determine g(u).
0
Suppose 5*a - 33 = a - 5*p, 5*a = -4*p + 39. Let n(g) = 6*g**2 - 44. Let t(l) = 5*l**2 - 42. Let v(f) = a*t(f) - 6*n(f). Give v(0).
-30
Let g(u) = -3*u + 2. Let s be g(-2). Let y(r) be the first derivative of -r**4/4 + 7*r**3/3 + 4*r**2 - 7*r - 4159. Determine y(s).
-7
Let i(n) = n - 1. Let v(l) = -l**2 + 4*l + 4. Let k(y) = -y**3 + 6*y**2 - y + 5. Let p be k(6). Let o(q) = p*v(q) + 2*i(q). Give o(3).
-3
Let g(f) = -f**3 - 3*f**2 + 8*f + 11. Let i be ((-4)/6)/((-16)/(-96)). Calculate g(i).
-5
Let j = 66 - 67. Let d(a) be the first derivative of -11*a**3/3 - 3. Give d(j).
-11
Let w be (-15)/10 + (-3)/(-6). Let m(v) = 4*v**3 + 2. Let x be m(w). Let j(c) = 3*c - 3. What is j(x)?
-9
Let k(t) = -t**2 - 5*t - 7. Suppose -j = n - 3*j - 90, 2